{"id":128,"date":"2015-12-17T13:57:42","date_gmt":"2015-12-17T12:57:42","guid":{"rendered":"http:\/\/www.leihkueche.at\/?page_id=128"},"modified":"2018-05-18T14:08:35","modified_gmt":"2018-05-18T13:08:35","slug":"impressum","status":"publish","type":"page","link":"http:\/\/www.leihkueche.at\/?page_id=128","title":{"rendered":"impressum"},"content":{"rendered":"<p>Rudi`s Gastro Ger\u00e4te Verleih<br \/>\nInternet: www.leikueche.at<br \/>\nE-Mail: office@leihkueche.at<\/p>\n<p>F\u00fcr den Inhalt verantwortlich:<\/p>\n<p>Rudolf Zink<br \/>\nKirchweg 19<br \/>\n8141 Premst\u00e4tten<br \/>\nTel: +43 664 200 18 33<br \/>\nE-Mail: rudolf.zink@aon.at<\/p>\n<p>Rechtsform: Einzelunternehmen<\/p>\n<p>Grundlegende Richtung der Website: Diese Website stellt Informationen zu Produkten und Leistungen meines Unternehmens dar.<\/p>\n<p>Mitgliedschaft bei Kammerorganisationen: Wirtschaftskammer Steiermark<\/p>\n<p>Gewerbe- oder berufsrechtliche Vorschriften: \u00d6sterreichische Gewerbeordnung<\/p>\n<p>Gerichtsstand: Graz<\/p>\n<p>Zugang zu gewerbe- oder berufsrechtlichen Vorschriften: Etwaige spezielle berufsrechtliche Vorschriften finden Sie im Rechtsinformationssystem des Bundes unter http:\/\/www.ris.bka.gv.at.<\/p>\n<p>Cookies:<br \/>\nDiese Website verwendet Cookies. Cookies dienen dazu, ihre Daten \u00fcber den Bestellvorgang hinweg verf\u00fcgbar zu halten. Sie k\u00f6nnen per Browser-Einstellung Cookies verweigern, diese Website beruht jedenfalls darauf, dass Cookies aktiviert sind. Nach dem Schlie\u00dfen des Browsers (Ende der &#8222;Session&#8220;) werden ihre Cookies wieder gel\u00f6scht.<\/p>\n<p>Google Analytics:<br \/>\nDiese Website benutzt Google Analytics, einen Webanalysedienst der Google Inc. (\u201eGoogle\u201c). Google Analytics verwendet sog. \u201eCookies\u201c, Textdateien, die auf Ihrem Computer gespeichert werden und die eine Analyse der Benutzung der Website durch Sie erm\u00f6glichen. Die durch den Cookie erzeugten Informationen \u00fcber Ihre Benutzung dieser Website (einschlie\u00dflich Ihrer IP-Adresse) wird an einen Server von Google in den USA \u00fcbertragen und dort gespeichert. Google wird diese Informationen benutzen, um Ihre Nutzung der Website auszuwerten, um Reports \u00fcber die Websiteaktivit\u00e4ten f\u00fcr die Websitebetreiber zusammenzustellen und um weitere mit der Websitenutzung und der Internetnutzung verbundene Dienstleistungen zu erbringen. Auch wird Google diese Informationen gegebenenfalls an Dritte \u00fcbertragen, sofern dies gesetzlich vorgeschrieben oder soweit Dritte diese Daten im Auftrag von Google verarbeiten. Google wird in keinem Fall Ihre IP-Adresse mit anderen Daten von Google in Verbindung bringen. Sie k\u00f6nnen die Installation der Cookies durch eine entsprechende Einstellung Ihrer Browser Software verhindern; wir weisen Sie jedoch darauf hin, dass Sie in diesem Fall gegebenenfalls nicht s\u00e4mtliche Funktionen dieser Website vollumf\u00e4nglich nutzen k\u00f6nnen. Durch die Nutzung dieser Website erkl\u00e4ren Sie sich mit der Bearbeitung der \u00fcber Sie erhobenen Daten durch Google in der zuvor beschriebenen Art und Weise und zu dem zuvor benannten Zweck einverstanden.<\/p>\n<p>Copyright, Marken- und Schutzrechte:<br \/>\nAlle Rechte, auch die der fotomechanischen Wiedergabe, der Vervielf\u00e4ltigung und der Verbreitung beh\u00e4lt sich Rudi`s Gastro Ger\u00e4te Verleih vor.<\/p>\n<p>Der Inhalt unserer Homepage ist urheberrechtlich gesch\u00fctzt. Die Informationen sind nur f\u00fcr die pers\u00f6nliche Verwendung bestimmt. Jede weitergehende Nutzung &#8211; auch in Teilen oder in \u00fcberarbeiteter Form &#8211; ohne schriftliche Zustimmung des Website-Inhabers ist untersagt.<\/p>\n<p>Wir bem\u00fchen uns die Inhalte unserer Seite aktuell zu halten. Trotz sorgf\u00e4ltiger Bearbeitung \u00fcbernehmen wir keinerlei Gew\u00e4hr f\u00fcr die Richtigkeit, Vollst\u00e4ndigkeit und Aktualit\u00e4t der angebotenen Informationen.<\/p>\n<p>Haftungshinweis:<br \/>\nTrotz sorgf\u00e4ltiger inhaltlicher Kontrolle \u00fcbernehmen wir keine Haftung f\u00fcr die Inhalte externer Links. F\u00fcr den Inhalt der verlinkten Seiten sind ausschlie\u00dflich deren Betreiber verantwortlich.<\/p>\n","protected":false},"excerpt":{"rendered":"<p>Rudi`s Gastro Ger\u00e4te Verleih Internet: www.leikueche.at E-Mail: office@leihkueche.at F\u00fcr den Inhalt verantwortlich: Rudolf Zink Kirchweg 19 8141 Premst\u00e4tten Tel: +43 664 200 18 33 E-Mail: rudolf.zink@aon.at Rechtsform: Einzelunternehmen Grundlegende Richtung der Website: Diese Website stellt Informationen zu Produkten und Leistungen meines Unternehmens dar. Mitgliedschaft bei Kammerorganisationen: Wirtschaftskammer Steiermark Gewerbe- oder berufsrechtliche Vorschriften: \u00d6sterreichische Gewerbeordnung Gerichtsstand: &hellip; <\/p>\n<p class=\"link-more\"><a href=\"http:\/\/www.leihkueche.at\/?page_id=128\" class=\"more-link\"><span class=\"screen-reader-text\">\u201eimpressum\u201c<\/span> weiterlesen<\/a><\/p>\n","protected":false},"author":1,"featured_media":0,"parent":0,"menu_order":0,"comment_status":"closed","ping_status":"closed","template":"","meta":{"ngg_post_thumbnail":0,"jetpack_post_was_ever_published":false,"footnotes":""},"class_list":["post-128","page","type-page","status-publish","hentry"],"jetpack_sharing_enabled":true,"jetpack_shortlink":"https:\/\/wp.me\/P5hdhd-24","_links":{"self":[{"href":"http:\/\/www.leihkueche.at\/index.php?rest_route=\/wp\/v2\/pages\/128","targetHints":{"allow":["GET"]}}],"collection":[{"href":"http:\/\/www.leihkueche.at\/index.php?rest_route=\/wp\/v2\/pages"}],"about":[{"href":"http:\/\/www.leihkueche.at\/index.php?rest_route=\/wp\/v2\/types\/page"}],"author":[{"embeddable":true,"href":"http:\/\/www.leihkueche.at\/index.php?rest_route=\/wp\/v2\/users\/1"}],"replies":[{"embeddable":true,"href":"http:\/\/www.leihkueche.at\/index.php?rest_route=%2Fwp%2Fv2%2Fcomments&post=128"}],"version-history":[{"count":5,"href":"http:\/\/www.leihkueche.at\/index.php?rest_route=\/wp\/v2\/pages\/128\/revisions"}],"predecessor-version":[{"id":311,"href":"http:\/\/www.leihkueche.at\/index.php?rest_route=\/wp\/v2\/pages\/128\/revisions\/311"}],"wp:attachment":[{"href":"http:\/\/www.leihkueche.at\/index.php?rest_route=%2Fwp%2Fv2%2Fmedia&parent=128"}],"curies":[{"name":"wp","href":"https:\/\/api.w.org\/{rel}","templated":true}]}}