{"id":113,"date":"2015-10-29T11:27:02","date_gmt":"2015-10-29T10:27:02","guid":{"rendered":"http:\/\/www.leihkueche.at\/?page_id=113"},"modified":"2015-10-29T15:30:56","modified_gmt":"2015-10-29T14:30:56","slug":"ueber-mich","status":"publish","type":"page","link":"http:\/\/www.leihkueche.at\/?page_id=113","title":{"rendered":"\u00fcber mich"},"content":{"rendered":"<p>Es war ein k\u00fchler  Novembertag im Jahre 1959, da bin ich in Wundschuh geboren. In Lichendorf, in der Gemeinde Weitendorf, Bez. Leibnitz, Steiermark wohlbehalten aufgewachsen. Nach der Schule, Bau- und Karosserie-Spenglerlehre war ich nahezu 30 Jahre in der Aufzugs-Branche t\u00e4tig. Die meiste Zeit als selbstst\u00e4ndiger und leitender Arbeiter in ganz \u00d6sterreich unterwegs.<br \/>\nMomentan verbringe ich meinen Arbeitstag in der Garanta Kfz-Zulassungsstelle im Autohaus \u201ePeugeot\u201c Edelsbrunner in Graz. Hier darf ich s\u00e4mtliche Kraftfahrzeuge und Anh\u00e4nger zum Verkehr zulassen oder abmelden. Nat\u00fcrlich auch alles sonstiges, das von einer Zulassungsstelle bearbeitet werden darf.<\/p>\n<p>Doch stets habe ich immer schon leidenschaftlich gekocht, f\u00fcr die Familie, f\u00fcr Freunde und Bekannte. Zubereitet habe ich alles was den Gaumen erfreut, von kalten Aufschnittplatten bis hin zu hei\u00dfen 6g\u00e4ngigen Men\u00fcs. Erfreut haben sich daran 2 Personen genauso wie auch weit mehr als hundert.<\/p>\n<p>Und damit sich noch mehr Menschen eine echte Gaumenfreude bereiten oder bereiten lassen k\u00f6nnen, daf\u00fcr habe ich die MOBILE K\u00dcCHE gebaut.<\/p>\n<p>Ihr Rudi Zink<\/p>\n","protected":false},"excerpt":{"rendered":"<p>Es war ein k\u00fchler Novembertag im Jahre 1959, da bin ich in Wundschuh geboren. In Lichendorf, in der Gemeinde Weitendorf, Bez. Leibnitz, Steiermark wohlbehalten aufgewachsen. Nach der Schule, Bau- und Karosserie-Spenglerlehre war ich nahezu 30 Jahre in der Aufzugs-Branche t\u00e4tig. Die meiste Zeit als selbstst\u00e4ndiger und leitender Arbeiter in ganz \u00d6sterreich unterwegs. Momentan verbringe ich &hellip; <\/p>\n<p class=\"link-more\"><a href=\"http:\/\/www.leihkueche.at\/?page_id=113\" class=\"more-link\"><span class=\"screen-reader-text\">\u201e\u00fcber mich\u201c<\/span> weiterlesen<\/a><\/p>\n","protected":false},"author":1,"featured_media":0,"parent":15,"menu_order":1,"comment_status":"closed","ping_status":"closed","template":"","meta":{"ngg_post_thumbnail":0,"jetpack_post_was_ever_published":false,"footnotes":""},"class_list":["post-113","page","type-page","status-publish","hentry"],"jetpack_sharing_enabled":true,"jetpack_shortlink":"https:\/\/wp.me\/P5hdhd-1P","_links":{"self":[{"href":"http:\/\/www.leihkueche.at\/index.php?rest_route=\/wp\/v2\/pages\/113","targetHints":{"allow":["GET"]}}],"collection":[{"href":"http:\/\/www.leihkueche.at\/index.php?rest_route=\/wp\/v2\/pages"}],"about":[{"href":"http:\/\/www.leihkueche.at\/index.php?rest_route=\/wp\/v2\/types\/page"}],"author":[{"embeddable":true,"href":"http:\/\/www.leihkueche.at\/index.php?rest_route=\/wp\/v2\/users\/1"}],"replies":[{"embeddable":true,"href":"http:\/\/www.leihkueche.at\/index.php?rest_route=%2Fwp%2Fv2%2Fcomments&post=113"}],"version-history":[{"count":1,"href":"http:\/\/www.leihkueche.at\/index.php?rest_route=\/wp\/v2\/pages\/113\/revisions"}],"predecessor-version":[{"id":114,"href":"http:\/\/www.leihkueche.at\/index.php?rest_route=\/wp\/v2\/pages\/113\/revisions\/114"}],"up":[{"embeddable":true,"href":"http:\/\/www.leihkueche.at\/index.php?rest_route=\/wp\/v2\/pages\/15"}],"wp:attachment":[{"href":"http:\/\/www.leihkueche.at\/index.php?rest_route=%2Fwp%2Fv2%2Fmedia&parent=113"}],"curies":[{"name":"wp","href":"https:\/\/api.w.org\/{rel}","templated":true}]}}